 15 + d. Calculate the highest common factor of q and 154.
22
Let q be 0 + (276 - 8/(48/(-30))). Let s = q - 169. What is the greatest common factor of s and 7?
7
Let x(f) = -34*f + 146. Let l be x(4). Let q(h) = -2*h**3 - 5*h**2 - 3*h + 8. Let b be q(-7). What is the highest common divisor of b and l?
10
Suppose 0 = -5*d - 2*f + 7*f + 40, -5*d - 5*f + 30 = 0. Let u = -1423 + 1479. What is the highest common factor of u and d?
7
Let i(y) = y**2 + 7*y - 24. Let w be i(-9). Let p be ((-16)/12)/(4/w). What is the greatest common factor of 26 and p?
2
Let d(q) = 34*q - 1. Let y be d(4). Suppose -y = c - 4*c. Calculate the highest common divisor of c and 180.
45
Let m(b) = -23*b - b**3 - 3 + 24*b - 6 + 9*b**2. Let j be m(9). Let i be 39/3 - j/(-4). Calculate the highest common factor of 13 and i.
13
Let u(s) = 11*s**2 + 72*s + 7. Let y(r) = r**2 + 20*r + 88. Let z be y(-8). Let f be u(z). Calculate the greatest common divisor of f and 30.
15
Let z(i) = 2*i**3 + 30*i**2 + 173*i + 1228. Let d be z(-12). Suppose -710 = -2*v - 5*p, -4*v - p + 1434 = 2*p. What is the highest common factor of v and d?
8
Let o be -19*(32/6)/(52/(-78)). What is the greatest common factor of o and 32?
8
Let g = -6 + -3. Let h(k) = k**3 + 8*k**2 - k + 84. Let z be h(-9). Let r be (924/(-8))/(g/z). Calculate the greatest common divisor of r and 14.
14
Let u be (-180)/7*(-14)/3. Let k be ((-3)/((-9)/32))/(((-75)/27)/(-25)). What is the greatest common factor of k and u?
24
Suppose -40*h - 49*h + 785 = -550. Calculate the greatest common factor of h and 1415.
5
Suppose 0 = -4*l + 20, -4*l + 4264 + 2028 = 4*y. Suppose 20*j - 6*j - y = 0. What is the highest common divisor of 14 and j?
14
Let h(o) = -3*o**2 + o - 73 + 39 - 155*o**3 + 38 + 2*o. Let b be h(-1). Let z(a) = -a + 10. Let y be z(-7). Calculate the highest common divisor of y and b.
17
Suppose 3*g = -290 - 61. Let q = -99 - g. Calculate the highest common divisor of q and 96.
6
Let d be ((-18)/(-5))/((-4)/(-20)). Suppose -17*r + d*r - 5 = 0. Calculate the greatest common divisor of r and 180.
5
Let i = -176 + 181. Suppose i*s + 4*q + 461 = 1842, 4*s + 3*q = 1104. What is the greatest common factor of s and 21?
21
Let z = 5629 + -5591. Calculate the greatest common divisor of z and 2584.
38
Let r(s) = s**3 + 2*s**2 + s + 4. Let h be r(-2). Suppose 18 = h*u + 8. Suppose -6*v = -u*v - 22. Calculate the greatest common factor of 154 and v.
22
Suppose 552 = -16*i + 5428 + 18228. Calculate the greatest common factor of 190 and i.
38
Let y(u) = -16*u - 215. Let z be y(-15). Let h = -3035 + 5110. Calculate the highest common factor of h and z.
25
Let w(k) = 2*k**3 - 6*k**2 + 5*k. Let r be w(4). Suppose 13*d = 11*d + 46. Let a = d + -10. What is the greatest common factor of a and r?
13
Suppose 0 = -4*i + 4*n + 1360, -i + 5*n + 142 + 198 = 0. What is the highest common divisor of 544 and i?
68
Let n = 475 - 281. Suppose -68 + n = b. What is the greatest common divisor of 108 and b?
18
Let l = -134 + 291. Let h = l + -68. What is the greatest common divisor of h and 89?
89
Let f be (-12)/15 - (-122136)/420. What is the highest common factor of 1102 and f?
58
Suppose -1409*r = -1436*r + 972. What is the highest common divisor of 558 and r?
18
Let i be (-25 - -34)/((-2)/8544*-9). What is the greatest common factor of i and 48?
48
Suppose 308*m = 303*m + 8880. Let l = -69 - -180. Calculate the greatest common divisor of m and l.
111
Suppose -13*j + 1145 = 4*n - 12*j, 0 = 5*n + 3*j - 1440. Calculate the greatest common factor of 2755 and n.
95
Suppose 54*t - 160*t + 31183 = -21923. What is the greatest common factor of t and 5344?
167
Let n be 846/8 + ((-58)/(-8) - 8). What is the greatest common factor of n and 1540?
35
Let z(g) = 154*g**3 + 3*g**2 - 3*g + 7. Let i be z(2). What is the highest common divisor of i and 15?
15
Let b be (-4)/(-24)*-3*-8. Suppose b = 4*u + 28. Let x(h) = -h**3 - 5*h**2 + 4*h. Let y be x(u). Calculate the highest common factor of 12 and y.
12
Suppose 4*t + 19 = 27, -2*r - 3*t = -942. Calculate the greatest common factor of 65 and r.
13
Suppose 10336 = 4*n + 4*g, 2*g + 2575 = 137*n - 136*n. Calculate the greatest common factor of n and 712.
89
Suppose 3423 = -0*n + 21*n. Let c = -129 + n. Calculate the highest common factor of 51 and c.
17
Let h = -16699 + 19968. What is the greatest common divisor of h and 21?
7
Let d(w) = 199*w**2 - 21*w - 46. Let k be d(-3). Calculate the highest common divisor of 16 and k.
16
Let m = 2443 + -2001. What is the greatest common factor of m and 2312?
34
Let q = -5819 - -5863. Calculate the greatest common factor of 418 and q.
22
Suppose 5*g - 3*l = -134, 2*g = -g + l - 82. Let c = g + 58. Let w(r) = -r. Let o be w(-6). Calculate the greatest common factor of o and c.
6
Suppose 16*m - 54 = -342. Let d(u) = -u + 1. Let l(x) = 10*x - 62. Let q(c) = -6*d(c) - l(c). Let o be q(m). What is the highest common divisor of o and 16?
16
Suppose -241659 = 5*y + 4*q - 27389, -2*y + 3*q = 85708. Let a be y/(-70) - 4/20. What is the greatest common factor of 36 and a?
36
Let j(i) = 2*i + 1. Let n be j(9). Let h(b) = b**3 + b**2 - 7*b - 1. Let r be h(6). Calculate the highest common factor of r and n.
19
Let h = 375 + -339. Let v be (-188)/(-36) - (-2)/(-9). Suppose -59 = -v*s - w, 3*s + 3*w + 14 = 47. What is the highest common factor of h and s?
12
Suppose 4*u + 2*z - 12 = 0, 2 = -4*u + 65*z - 60*z. What is the greatest common divisor of 1522 and u?
2
Let m = 1558 - 741. Suppose 899*u = 254*u - 245*u - 450*u + 25460. Calculate the highest common factor of m and u.
19
Let k(p) = p**3 - 13*p**2 + 42*p - 21. Let v be k(8). Let o(u) = -38*u + 1. Let s be o(1). Let j = v - s. What is the highest common factor of j and 32?
32
Let b be ((-12)/(-3))/((-4)/2 - -3) + 29. Calculate the highest common divisor of b and 891.
33
Let v(o) = 5767*o + 46221. Let q be v(-8). Suppose -20 = -5*f + f. What is the highest common factor of f and q?
5
Let b = 146 + 3. Let r = -143 + b. Calculate the highest common factor of 33 and r.
3
Let j(r) = 18*r**2 + 240*r - 3478. Let z be j(14). What is the highest common factor of 1550 and z?
310
Let g(d) = d**3 + 17*d**2 + 30*d + 130. Let z be g(-15). Suppose 0 = -5*p + 4*p + 10. What is the highest common factor of z and p?
10
Suppose -12 = j - 10. Let x = j - -30. Suppose 0 = 4*v + 12, 0*q + 2*q = -3*v + 271. Calculate the greatest common divisor of q and x.
28
Let h(d) = -d**3 + 5*d**2 + 6*d - 10. Let v be h(4). Suppose 5*x = 4125 - 4025. Calculate the greatest common factor of v and x.
10
Let q be ((-51)/15 - 5*6/(-75))*-74. What is the greatest common divisor of q and 5439?
111
Suppose -5*s - 4*j = -7*s + 402, -s - 5*j = -243. Calculate the greatest common factor of s and 5183.
71
Let j = -127 - -141. Suppose -w - w + 167 = -3*i, -3*w + 2*i + 263 = 0. What is the greatest common divisor of w and j?
7
Suppose 2*w + 3*l = -3*w - 1927, 2*l + 770 = -2*w. Let x be w - 2/((-1)/(-1)). Let s = 559 + x. What is the greatest common divisor of 19 and s?
19
Let y be (36/(-45)*10)/(-1). Let n = 255 - 127. Calculate the greatest common divisor of y and n.
8
Suppose 41 = 3*k - 19. Suppose 8*l - 6*l - k = 0. Suppose l = -p + 3*p, -b - 2*p = -76. Calculate the greatest common factor of 6 and b.
6
Suppose -l + 75 - 47 = 0. Suppose 58*i = 62*i - l. Calculate the highest common factor of 259 and i.
7
Suppose 15 = 9*f - 3. Suppose 9 = f*y - 69. What is the highest common divisor of y and 3?
3
Suppose x = 10 + 11. Suppose -21*g + 2555 + 1939 = 0. Let r = g - -17. What is the highest common divisor of x and r?
21
Suppose -497*j = -473*j - 215208. Calculate the greatest common factor of j and 183.
183
Suppose 0 = 2*o + 2*o - 68. Let r(p) = -4*p + o*p**2 + 0*p**3 + 3 - 19*p**2 + 10*p**2 - p**3. Let k be r(3). What is the highest common factor of 3 and k?
3
Let b = 9 + -13. Let g be 155 + 3 + b/1. Let s = 8 - -6. Calculate the greatest common divisor of g and s.
14
Let x be 6 - -16 - (0 + 2 - 0). Suppose 8*i = x*i + 3696. Let l = i + 433. Calculate the highest common factor of l and 50.
25
Let q = 13797 - 13681. Suppose 6*o - 3*o = 261. Calculate the greatest common factor of o and q.
29
Let j(h) = -h**3 + 21*h**2 - 2*h + 44. Let r be j(21). Let c(b) = 18*b**3 + b**2 + 4*b - 4. Let u 